) is divided by 24.
22
Let m(k) = k**3 - 4*k**2 - 9*k + 14. What is the remainder when m(6) is divided by 11?
10
Let n(k) = -k**2 + 13*k + 1. What is the remainder when n(11) is divided by 5?
3
Let f = 42 - -9. Calculate the remainder when f is divided by 13.
12
Suppose 0*u - 5*u + 40 = 0. Calculate the remainder when 52 is divided by u.
4
Calculate the remainder when (-1 - 0)/((-9)/90) is divided by 6.
4
Let i = 4 + -3. Calculate the remainder when 34 is divided by (-8)/6*(-8 - i).
10
Suppose -5*o = -t - 271, -3*t + 181 = 3*o + t. What is the remainder when o is divided by 19?
17
Let k(b) = -b**2 + 6*b + 5. Let u(s) = -4*s + 1. Let p(j) = j. Let d(z) = -26*p(z) - 6*u(z). Let g be d(-6). Calculate the remainder when 13 is divided by k(g).
3
Let o(u) = -5*u + 2. Let c(v) = -v**2 + v + 3 + 3*v**2 - 2*v - v**2. Calculate the remainder when c(5) is divided by o(-2).
11
Calculate the remainder when 29 is divided by 10/(-15)*(-14 - -2).
5
Suppose -2*c = -0*g - 3*g + 269, -2*g + 2*c + 176 = 0. Calculate the remainder when g is divided by 16.
13
Suppose -w = 4*w - 150. What is the remainder when 87 is divided by w?
27
Let g(f) = f**3 - 3*f**2 + f + 2. Suppose 1 = -4*h + 9. Let p be g(h). Suppose p = 4*r - 27 - 1. Calculate the remainder when 12 is divided by r.
5
Let r = 2 + -3. Let y(j) = 9*j. What is the remainder when (50 - r) + (-6)/(-3) is divided by y(2)?
17
Let c be ((-2)/(-4))/((-1)/(-62)). Suppose 5*a - c = 4. What is the remainder when 19 + ((-2)/(-2) - 0) is divided by a?
6
Suppose -267 = -5*w + 4*s, -5*s + 226 = 4*w - 2*s. Calculate the remainder when w is divided by 29.
26
Let k = -10 + 10. Suppose a = -4*c - 2, a + 5 = -k*c - 5*c. What is the remainder when a is divided by 6?
4
Let k = 74 - 70. Suppose -4*y - y = -15. Suppose -55 = -k*f + y*x + 19, 3*x - 11 = -f. What is the remainder when 50 is divided by f?
16
Suppose -12 = 4*v, -5*j - 3 = -2*j + 4*v. Suppose 0 = -j*t - 0*t + 9. What is the remainder when 7 is divided by t?
1
Suppose 0*x + 2*x - 6 = 0, -3*x = k - 13. Calculate the remainder when k is divided by 3.
1
Let v be (-43)/(1 - -1 - 3). Let b = v + -18. Calculate the remainder when b is divided by 14.
11
Suppose -6*k = -406 - 86. What is the remainder when k is divided by 21?
19
Let c be (-22)/(-33)*(-42)/(-4). Let m = c - -4. What is the remainder when m is divided by 7?
4
Calculate the remainder when (-1 - 0)/((-4)/68) is divided by 10.
7
Let a(q) = -q**2 - 4*q + 3. Let h be a(-4). Suppose h*r = 4*k + 15, -2*r - 5 = -15. Let t(o) = o + 8. What is the remainder when 22 is divided by t(k)?
6
Let w(m) = 13*m + 9. Let a be w(10). Suppose -107 = -3*b + a. What is the remainder when b is divided by 21?
19
Let l = -5 + 5. Suppose l = 2*i - 113 + 9. Let v = 48 - 30. What is the remainder when i is divided by v?
16
Let m(y) = -2*y + 1. Calculate the remainder when 2/8 + (-45)/(-12) is divided by m(-1).
1
Suppose 5*b = b + 3*w + 45, 28 = 2*b + 4*w. Calculate the remainder when 33 is divided by b.
9
Let y(m) be the first derivative of 5*m + 3 - 9/2*m**2. What is the remainder when y(-4) is divided by 14?
13
Suppose -5*u + u = -32. What is the remainder when -1*29/1*-1 is divided by u?
5
Suppose -m = 2*m - 6. Let a(y) = -2*y**m - 16*y**3 + 4*y**2 - 3*y**2 - y. What is the remainder when 46 is divided by a(-1)?
14
Let a(w) = 2*w**3 - 4*w**2 - 7 - w**2 - w**3 + 4*w - 6*w. Calculate the remainder when a(6) is divided by 9.
8
Let t(r) = -6*r - 15. What is the remainder when 79 is divided by t(-7)?
25
Suppose 0 = 4*p - b - 45, -5*b - 60 = -6*p + p. Calculate the remainder when (-4 - (-12)/4)*-31 is divided by p.
9
Let b(j) = -j - 17. Let p(g) = g + 1. Let h(c) = -b(c) - 2*p(c). Calculate the remainder when h(0) is divided by 8.
7
Let q be 0/(2 + (2 - 2)). Suppose -3*f + q = -24. What is the remainder when 15 is divided by f?
7
Let x(i) = i**3 - i**2 - i + 6. Suppose 21 = -3*u + 6*w - 2*w, -4*u = -w + 15. What is the remainder when u + (304/(-4))/(-4) is divided by x(0)?
4
Let w(u) = 7*u - 10. Let p = 15 - 10. Let f(y) = 2*y**2 + 7*y + 5. Calculate the remainder when w(p) is divided by f(-4).
7
Suppose -n = 5*g - 63, 4*g - 5*n - 56 = -3*n. Calculate the remainder when (-147)/6*-2*(-7 - -8) is divided by g.
10
Let g(t) = -t**3 - 5*t**2 + 8*t + 15. Suppose 2*u - 15 = -2*p - 3*p, 0 = -5*u. Calculate the remainder when g(-6) is divided by p.
0
Suppose -5*w = -7*y + 3*y - 75, 0 = 3*y. Suppose 0 = -b - 2 + 4. Suppose -b*l + g = -88, -g + 4*g + 222 = 5*l. What is the remainder when l is divided by w?
12
Let g(y) = y**3 + 14*y**2 + 12*y - 1. What is the remainder when g(-13) is divided by 7?
5
Let y(j) = j**3 + 3*j**2 - 4*j. Let i be y(-3). Suppose 5*f = -u + 55, 0 = 3*f + u - 23 - i. What is the remainder when 18 is divided by f?
8
Suppose 0 = 4*w + 7 - 63. What is the remainder when 49 is divided by w?
7
Suppose -8 = -6*j + 2*j. Suppose -i = -4*i - j*n + 3, -12 = -5*i - n. Let k = 13 - 9. Calculate the remainder when k is divided by i.
1
Suppose -2*l = -3*n + 38, 2*n - 5*l - 29 = -0. Suppose -o = -4*o + n. Let t(w) = 16*w - 134. What is the remainder when t(9) is divided by o?
2
Suppose 4*o - 8 = 8, 3*z + 2*o - 65 = 0. What is the remainder when z is divided by 7?
5
Suppose -16 = p + 3*p. Calculate the remainder when 14 is divided by 33/4 - (-1)/p.
6
Let r(h) = -h**3 - 9*h**2 + 5*h - 16. Calculate the remainder when r(-10) is divided by (2/4)/((-6)/(-108)).
7
Let l be (-105)/(-6) - (-2)/(-4). Let v(o) = -4*o**2 - 12*o + 7*o**2 + l - 4*o**2. Calculate the remainder when 49 is divided by v(-12).
15
Calculate the remainder when 3 + -1 + 1 + 64 is divided by 14.
11
Suppose 2*z - 18 - 52 = 0. Calculate the remainder when z is divided by 17 + 1/(-2)*-2.
17
Let r = -103 + 188. Suppose j = 6*j - r. What is the remainder when 50 is divided by j?
16
Suppose 18 = 3*m + a - 4*a, 0 = -2*a - 8. Calculate the remainder when (-3 + (-35)/(-2))*m is divided by 87/9 - 1/(-3).
9
Suppose -4*w + 100 = -120. Suppose 7*i = 2*i + w. Suppose 10 + i = r. What is the remainder when r is divided by 11?
10
Suppose -3*k - 3 = 0, 4*a - k - 137 = 4*k. Calculate the remainder when 95 is divided by a.
29
Let u = 100 - 66. Calculate the remainder when u is divided by 13.
8
Calculate the remainder when 4*2/20 + (-186)/(-10) is divided by 7.
5
Let q = -206 + 211. Calculate the remainder when 18 is divided by q.
3
Let y = 8 + -6. Suppose -2*u + 3*u - 7 = -x, y*u + 5*x = 20. Calculate the remainder when u is divided by 3.
2
What is the remainder when 164 + -6 + 5 + 2 is divided by 24?
21
Let n(p) = 6*p**2 - 2*p + 3. Calculate the remainder when n(-3) is divided by 22.
19
Let t be 2*((-21)/(-2))/(-3). Let j(b) = -b**3 - 6*b**2 + 4*b - 6. What is the remainder when 43 is divided by j(t)?
13
Let s = -79 - -93. What is the remainder when 38 is divided by s?
10
Let g(t) = -t - 3. Let z(m) = -m + 8. Let y be z(5). Suppose y*r - 14 + 5 = 0. What is the remainder when r is divided by g(-5)?
1
Suppose -7*d + 3*d + 144 = 0. Let s be ((-3)/9)/((-2)/(-12)). Calculate the remainder when d is divided by (2 - (-5)/s)*-26.
10
What is the remainder when 12/(1 + (-4)/8) is divided by 9?
6
Suppose 225 = 15*i - 6*i. Suppose f - 52 = -3*f. What is the remainder when i is divided by f?
12
Let j(q) = 6*q - 3. Calculate the remainder when 34 is divided by j(2).
7
Suppose -11*k + 370 + 48 = 0. Let w be 0 + 3 + 2 + 0. Suppose 2*b + w*j = 52 - 12, 3*b = -4*j + 60. Calculate the remainder when k is divided by b.
18
Let h be 1 + -1 - (27 + 0). What is the remainder when (-2)/5 + h/(-5) is divided by 4*3/(-6) + 5?
2
Let p = 2 - -8. Let o = p - 2. What is the remainder when 14 is divided by o?
6
Suppose -j = 5*b + 18, 2*j - b - 20 = 3*b. Suppose 2*o + 1 = 3*w, w = 3*w + j*o - 14. Let v(t) = 10*t. Calculate the remainder when v(w) is divided by 16.
14
Let v be -2 + 9 + -4 + 2. Suppose -4*g - v = -41. Calculate the remainder when 26 is divided by g.
8
Let d(u) be the third derivative of u**4/12 - 5*u**3/3 + 2*u**2. What is the remainder when 6 is divided by d(7)?
2
Let y be (-3)/(-5) - 1122/(-30). Suppose 0 = -5*f + 3*v + 56, y = 4*f - 0*v + v. What is the remainder when 18 is divided by f?
8
Let n(q) = -q**3 - 23*q**2 - 5*q - 11. What is the remainder when n(-23) is divided by 21?
20
Calculate the remainder when 26